2*c - 1. Suppose 1 + 0 = z. Suppose -40 = -4*m + 84. Calculate the remainder when m is divided by f(z).
9
Suppose -4*g + 48 = 4*n, 2*g - 3*n + 2*n - 33 = 0. Suppose -192 = -2*o - 2*o + 4*t, o - 24 = -5*t. Calculate the remainder when o is divided by g.
14
Suppose -5*u + 8*u - 72 = 0. Suppose 0 = 3*n - u - 45. What is the remainder when 110*(-2 + 36/15) is divided by n?
21
Suppose g = 5*a - 22, 2*g - 2 + 6 = 0. Let x be 1*(a - 2 - 26). What is the remainder when (-4)/(-6) - 728/x is divided by 11?
9
Let h(c) = -c**3 + 10*c**2 - 8. Let n be h(9). Suppose -5*z + n + 2 = 0. Let b(k) = -k**3 + 8*k**2 - 8*k + 4. Calculate the remainder when b(6) is divided by z.
13
Suppose -4*b + 155 = -2*d + 387, -2*d = -3*b - 228. What is the remainder when d is divided by 22?
20
Let n be 0*(-1 + 6/4). Suppose n*w - 16 = -4*w. Suppose 4*l - 18 = -4*d + 34, -5*l = -w*d + 61. Calculate the remainder when 41 is divided by d.
13
Suppose -2*c = -35 + 159. Let a = c - -89. Let g = a - 15. Calculate the remainder when g is divided by 7.
5
Suppose 4*f = 3*w - 357, 0 = 2*w + 3*f - 0*f - 255. What is the remainder when w is divided by 9?
6
Let h = -6 + 10. Let c(y) = 3*y - 1. Let z be c(-1). What is the remainder when -1 + z/(h/(-57)) is divided by 19?
18
Let y = 20 - 10. Suppose -5*j - 10 = 0, -2*l + 33 = 3*l - 4*j. Suppose -5*t - 2*q = -91, -103 = -l*t - 3*q - 14. Calculate the remainder when t is divided by y.
9
Let p be 12/10*(-5)/(-2). Let n(j) = -3*j - 12. Let y be n(-12). Suppose p*f + f = y. Calculate the remainder when 11 is divided by f.
5
Let z = 0 + 9. Calculate the remainder when 89 is divided by z.
8
Let k(q) = -6*q - 1. Let r = -21 + 15. Calculate the remainder when k(r) is divided by 12.
11
Calculate the remainder when 17*(12/1)/4 is divided by 18.
15
Let y be (6/15)/(1/45). Suppose -d + 2*d - y = x, -3*x = -d + 14. What is the remainder when d is divided by 7?
6
Let p be 0 + 2 + (6 - 2). Let t = 7 + p. Let o = -3 - -10. What is the remainder when t is divided by o?
6
Let m = -2 + 33. Let c(x) = x**2 - 2*x + 3. Calculate the remainder when m is divided by c(4).
9
Let v be 39/(-4) + (-3)/12. Let p = 27 + v. What is the remainder when (4/10)/((-3)/(-375)) is divided by p?
16
Suppose f - 2*f = -163. Suppose 0 = 4*v + s - f, -v + 39 = 5*s - 3*s. Let m = -5 + 16. Calculate the remainder when v is divided by m.
8
Suppose -2*g + 4*d = -198, -d - 3 = -1. Suppose 4*j - g = -j. Let q = -9 - -14. What is the remainder when j is divided by q?
4
Suppose 3*b - 33 = -4*p, -b + 5 = -2*p - 6. What is the remainder when b is divided by 4?
3
Let n = 15 - 12. Suppose 3*i = -i + 12. Suppose i*y + p - 73 = 0, -2*y - n*p + 119 = 3*y. Calculate the remainder when y is divided by 9.
7
Let a = 54 + -13. What is the remainder when a is divided by (-1)/4 + (-57)/(-4)?
13
Let y(h) = 0*h - 1 + 3 + h**2 + 2*h. Suppose 13 = 4*f - 103. What is the remainder when f is divided by y(-4)?
9
Suppose 4*g + 0*t - 3*t = 95, 2*t + 90 = 4*g. Calculate the remainder when 37 is divided by g.
17
Suppose -n - 55 = 2*n + 4*x, 4*x = -2*n - 30. Let i = n - -46. Suppose 6*g - i = 3*g. What is the remainder when g is divided by 4?
3
Let u be 10/3 + 16/24. Suppose -u*c - 22 = -54. What is the remainder when c is divided by (-26)/(-6) - 2/(-3)?
3
Let w be -2 + 1 + (2 - 1). Suppose 0 = 3*d - w*d - 9. Suppose -3*q = -5*i - 15, -d*q = -q + i - 10. Calculate the remainder when q is divided by 2.
1
Let u(z) = z**3 + 8*z**2 - 5*z + 19. What is the remainder when u(-8) is divided by 22?
15
Let w(d) = -3*d + 11. What is the remainder when 113 is divided by w(-9)?
37
Let v = 5 - 0. Let d(x) = -6*x**2 + 6*x + 5. Let g(h) = h**2 - h - 1. Let k(r) = -d(r) - 5*g(r). Calculate the remainder when v is divided by k(2).
1
Let y be (-35)/(-14)*24/10. What is the remainder when 71 is divided by -7*(-3 + y/14)?
17
Let c be 57/(-2)*(-20)/6. Suppose 3*j - 2*d - 36 = 17, c = 5*j - 2*d. Calculate the remainder when j is divided by 6.
3
Let h be ((-6)/(-4) - 0)*6. Calculate the remainder when (-1 + -2)*(-14)/6 is divided by h/6*24/9.
3
Suppose -7*f - 33 = -10*f. Calculate the remainder when 50 is divided by f.
6
Let s(d) = d**2 - 5*d + 6. Let o be -2*5*(-15)/6. Let r = o + -15. What is the remainder when r is divided by s(5)?
4
Suppose -5*c + 13 = s - 18, 9 = 4*s - 3*c. Let m(l) = l**2 + l - 2. Let v = 5 + -8. What is the remainder when s is divided by m(v)?
2
Suppose 0 = -5*n - 10 + 50. Let w be (-3 - 0)/(-3) + 30. Suppose 21 + w = 4*q. Calculate the remainder when q is divided by n.
5
Let l(n) = -n**2 - 8*n - 5. Calculate the remainder when 38/(-2 - 0 - -3) is divided by l(-5).
8
Suppose -2*f = 4*g - 17 + 5, 3*f + 2*g - 34 = 0. Let n(x) = -11*x**3 - x**2. Let a be n(1). What is the remainder when f is divided by a/30 + 84/10?
6
Suppose -3*x + q = -75, 5*q = 5*x + q - 118. Calculate the remainder when 51 is divided by x.
25
Let c(z) = z**2 + 10*z - 2. Let y(v) = -5*v + 1. Calculate the remainder when y(-3) is divided by c(-11).
7
Let g(y) = 10*y + 3. Let j be g(7). Suppose 5*n = j + 27. Calculate the remainder when 39 is divided by n.
19
Let a = 121 + -106. Calculate the remainder when 69 is divided by a.
9
Let g = -39 - -11. Let h be 14/(-2)*8/g. Suppose 2*v + 12 + h = 5*m, v = 3*m - 9. What is the remainder when 11 is divided by m?
3
Let k = -116 - -159. What is the remainder when 126 is divided by k?
40
Calculate the remainder when 26 is divided by (-3)/(-3) + 2 + 5.
2
Let x(b) = b**2 - 2*b + 1. Let a = -226 - -232. What is the remainder when x(-3) is divided by a?
4
Suppose -5*c - n + 100 = -6*n, -2*n = -3*c + 56. Calculate the remainder when c is divided by 5.
1
Let w(i) = -5*i**3 + i**2 + 3*i + 3. What is the remainder when 120 is divided by w(-2)?
38
Let j = -3 + 8. Suppose -2*v + 7*v = j, -l - 2*v + 43 = 0. Let x = -19 + l. What is the remainder when x is divided by 8?
6
Suppose 0 = -5*r - 31 + 216. Calculate the remainder when r is divided by 13.
11
Let v = -3 + 18. Calculate the remainder when 89 is divided by v.
14
Let k be 14*(-1 + 2)/2. Suppose 5*i - k*i = -8. Suppose i*z - 6 = 14. Calculate the remainder when z is divided by 3.
2
What is the remainder when (82/(-8))/((-1)/4) is divided by 14?
13
Let j(w) = -w**3 + 8*w**2 + 12*w - 11. What is the remainder when j(9) is divided by 6?
4
Let l(d) = d**3 + 11*d**2 - 25*d + 18. What is the remainder when l(-12) is divided by 22?
20
Let t = 88 - 13. Calculate the remainder when t is divided by 19.
18
Calculate the remainder when 21 is divided by (-108)/(-9)*((-5)/2)/(-5).
3
Let c(b) = 3*b - 3. Let a = 5 - -38. Calculate the remainder when a is divided by c(6).
13
Suppose 3*i - 287 = 4*y, 4*i + 2*y - 432 + 86 = 0. What is the remainder when i is divided by 30?
29
Let a(q) = q**3 + 3*q**2 - 13*q - 3. Calculate the remainder when 56 is divided by a(-5).
8
Let f be (1*2)/((-2)/(-23)). Let z be (-36)/(-3)*1/2. Let y = f - z. Calculate the remainder when 49 is divided by y.
15
Let s(v) = -v**3 - v**2 - 3*v - 2. What is the remainder when 97 is divided by s(-3)?
22
Let m(r) = 3*r**2 + 4. Let g(y) = -2*y**2 - 2. Let q(o) = -7*g(o) - 3*m(o). What is the remainder when q(2) is divided by 0 + -1 + 14 + -1?
10
Suppose 0*r - 3*g + 11 = r, 0 = 2*g - 8. Calculate the remainder when 89 is divided by ((-3)/r)/(-3)*-30.
29
Let g(j) = -j**2 - 4*j - 31. Let f(d) = d + 6. Let q(x) = -11*f(x) - 2*g(x). Calculate the remainder when 9 is divided by q(3).
4
Suppose 2*b + 2*o = -2*b + 18, 3*b - 3*o = 0. Suppose k = 4*h + 36, 0*h + b*k = -4*h - 20. What is the remainder when ((-3)/2)/(2/h) is divided by 4?
2
Suppose -5*c - 10 + 95 = 0. What is the remainder when c is divided by 4?
1
Let p(n) = 3*n**2 - 8*n + 17. Calculate the remainder when p(7) is divided by 37.
34
Suppose -2*c = -5*c - 12. Let p(a) = a**3 + 10*a**2 - 9*a + 16. Let l be p(-11). Let s = c - l. Calculate the remainder when 3 is divided by s.
1
What is the remainder when 30 is divided by -33*5/15*-1?
8
Let t be 5/(-10)*(-1 - -1). Calculate the remainder when t + (-116)/(0 - 2) is divided by 20.
18
Suppose -4*m = 5*a - 0*m - 71, 0 = 3*m + 3. Suppose 0 = 5*i - 4*f - 65, 0*i = -5*i + 5*f + 70. Calculate the remainder when -5*((-48)/a + 0) is divided by i.
7
Suppose -f + 23 = -o + 2*f, -o = 5*f - 17. Let u = 29 + -48. Let a = o - u. What 